5 (base 6) to base 14.
-5
What is 1 (base 2) in base 7?
1
What is 19 (base 13) in base 7?
31
-322 (base 5) to base 16
-57
10 (base 2) to base 4
2
What is 302 (base 5) in base 12?
65
What is -3 (base 14) in base 15?
-3
What is -1 (base 13) in base 16?
-1
-11 (base 3) to base 8
-4
3 (base 7) to base 15
3
What is -1 (base 6) in base 16?
-1
Convert -1 (base 15) to base 2.
-1
What is 2 (base 10) in base 2?
10
Convert -403 (base 5) to base 8.
-147
Convert 352 (base 8) to base 3.
22200
What is -19a (base 12) in base 14?
-14a
27 (base 12) to base 6
51
What is 23 (base 9) in base 10?
21
Convert 112 (base 3) to base 12.
12
What is 112 (base 4) in base 9?
24
What is -13 (base 8) in base 7?
-14
What is -47 (base 14) in base 16?
-3f
What is 121 (base 4) in base 16?
19
Convert -101 (base 3) to base 13.
-a
What is -21221 (base 3) in base 14?
-114
Convert -3 (base 10) to base 14.
-3
-1 (base 5) to base 2
-1
What is -25 (base 13) in base 6?
-51
What is 2 (base 8) in base 4?
2
12a (base 14) to base 10
234
0 (base 15) to base 3
0
Convert -5 (base 16) to base 14.
-5
What is -103 (base 8) in base 5?
-232
-7 (base 16) to base 11
-7
1 (base 14) to base 3
1
Convert -10112 (base 3) to base 7.
-164
c (base 14) to base 7
15
-300 (base 6) to base 14
-7a
-2 (base 6) to base 4
-2
What is 1 (base 7) in base 16?
1
Convert 0 (base 15) to base 7.
0
87 (base 9) to base 3
2221
-502 (base 6) to base 12
-132
-104 (base 5) to base 13
-23
Convert 60 (base 11) to base 3.
2110
401 (base 9) to base 8
505
113 (base 4) to base 10
23
Convert 4 (base 14) to base 8.
4
What is -1110 (base 5) in base 6?
-415
Convert 1 (base 7) to base 16.
1
What is 1a (base 12) in base 9?
24
What is -6 (base 10) in base 2?
-110
What is 21 (base 16) in base 5?
113
Convert -16 (base 8) to base 3.
-112
3 (base 6) to base 15
3
Convert -4 (base 16) to base 5.
-4
What is -10 (base 6) in base 4?
-12
What is -11100 (base 3) in base 10?
-117
What is -12 (base 4) in base 9?
-6
12 (base 4) to base 11
6
Convert -112 (base 3) to base 12.
-12
Convert -15 (base 11) to base 3.
-121
Convert 1000 (base 2) to base 12.
8
Convert -22 (base 4) to base 16.
-a
12 (base 14) to base 9
17
Convert -4 (base 13) to base 15.
-4
8 (base 10) to base 8
10
-121 (base 4) to base 12
-21
What is 100011 (base 2) in base 8?
43
-2231 (base 4) to base 6
-445
-210 (base 9) to base 10
-171
Convert 0 (base 10) to base 4.
0
What is 105 (base 6) in base 7?
56
1 (base 4) to base 13
1
Convert 9 (base 15) to base 6.
13
Convert 4 (base 10) to base 6.
4
Convert 6 (base 12) to base 2.
110
2 (base 9) to base 15
2
1 (base 3) to base 6
1
30 (base 6) to base 15
13
1 (base 5) to base 10
1
Convert 121 (base 3) to base 6.
24
Convert -20 (base 9) to base 15.
-13
1001 (base 3) to base 4
130
-2 (base 10) to base 5
-2
Convert 101 (base 3) to base 11.
a
Convert -82 (base 16) to base 2.
-10000010
142 (base 12) to base 13
11c
-2231 (base 5) to base 15
-161
-42 (base 14) to base 10
-58
What is -11 (base 10) in base 5?
-21
What is -22012 (base 3) in base 12?
-165
What is 2102 (base 3) in base 16?
41
What is -132 (base 4) in base 8?
-36
What is -3 (base 15) in base 11?
-3
-6 (base 15) to base 16
-6
What is -7 (base 13) in base 4?
-13
Convert -102 (base 4) to base 12.
-16
What is 99 (base 13) in base 9?
150
What is 100 (base 2) in base 9?
4
-14 (base 13) to base 3
-122
Convert 3 (base 10) to base 11.
3
What is -3 (base 10) in base 9?
-3
What is 21 (base 4) in base 14?
9
What is 1233 (base 5) in base 11?
166
Convert 3 (base 16) to base 7.
3
-13 (base 15) to base 3
-200
0 (base 2) to base 4
0
2ab (base 12) to base 15
1ce
Convert -8 (base 15) to base 5.
-13
-d6 (base 14) to base 3
-20222
What is -4 (base 14) in base 12?
-4
Convert 1020 (base 4) to base 9.
80
224 (base 6) to base 3
10021
Convert 110000 (base 2) to base 3.
1210
Convert 12 (base 12) to base 2.
1110
What is -5 (base 9) in base 3?
-12
1011 (base 2) to base 14
b
Convert -24 (base 8) to base 9.
-22
What is 3 (base 8) in base 14?
3
What is 30 (base 12) in base 11?
33
-2 (base 15) to base 14
-2
-2102 (base 3) to base 4
-1001
What is 3 (base 10) in base 14?
3
Convert -3 (base 4) to base 13.
-3
156 (base 12) to base 5
1320
What is 144 (base 10) in base 3?
12100
3 (base 11) to base 12
3
Convert -133 (base 5) to base 13.
-34
Convert 119 (base 15) to base 4.
3321
What is -604 (base 7) in base 2?
-100101010
-11 (base 2) to base 16
-3
What is -4 (base 13) in base 2?
-100
What is -1 (base 10) in base 4?
-1
Convert -2 (base 4) to base 2.
-10
-2 (base 8) to base 13
-2
-12 (base 6) to base 10
-8
10001100 (base 2) to base 12
b8
What is -21 (base 5) in base 15?
-b
-11 (base 11) to base 10
-12
What is -20 (base 7) in base 6?
-22
Convert 310 (base 4) to base 16.
34
What is -11000100 (base 2) in base 13?
-121
What is 0 (base 10) in base 12?
0
8b (base 14) to base 10
123
1120 (base 3) to base 7
60
What is 12 (base 12) in base 13?
11
8 (base 11) to base 13
8
-41 (base 15) to base 14
-45
Convert -1 (base 6) to base 5.
-1
-135 (base 6) to base 5
-214
-1a (base 13) to base 8
-27
2 (base 11) to base 12
2
What is 178 (base 9) in base 10?
152
-3 (base 15) to base 6
-3
What is -56 (base 9) in base 7?
-102
What is 10111 (base 2) in base 10?
23
What is 110111 (base 2) in base 16?
37
What is -21 (base 8) in base 13?
-14
Convert -5 (base 10) to base 15.
-5
-156 (base 8) to base 16
-6e
-2 (base 6) to base 7
-2
-7 (base 12) to base 9
-7
10 (base 2) to base 11
2
What is -3 (base 10) in base 14?
-3
What is 14 (base 12) in base 13?
13
What is -1 (base 10) in base 4?
-1
Convert 1100 (base 2) to base 3.
110
What is -2 (base 9) in base 13?
-2
Convert -111101 (base 2) to base 3.
-2021
Convert -3 (base 5) to base 13.
-3
What is -432 (base 9) in base 13?
-212
-2 (base 9) to base 2
-10
Convert 342 (base 9) to base 11.
236
-9 (base 16) to base 2
-1001
Convert 15 (base 9) to base 16.
e
Convert 0 (base 5) to base 16.
0
-23 (base 4) to base 12
-b
Convert -10 (base 13) to base 15.
-d
What is -18 (base 15) in base 4?
-113
What is -332 (base 9) in base 11?
-228
21021 (base 3) to base 6
524
What is 1 (base 6) in base 13?
1
Convert e (base 15) to base 7.
20
What is 22 (base 16) in base 12?
2a
What is 35 (base 8) in base 13?
23
What is -236 (base 13) in base 11?
-319
What is 25 (base 12) in base 16?
1d
What is -3 (base 13) in base 12?
-3
Convert 0 (base 16) to base 15.
0
Convert 4 (base 12) to base 7.
4
Convert 10011000 (base 2) to base 13.
b9
-167 (base 9) to base 4
-2032
-2f (base 16) to base 12
-3b
-100 (base 2) to base 12
-4
Convert -160 (base 7) to base 15.
-61
What is -8b (base 13) in base 7?
-223
Convert -1111 (base 3) to base 10.
-40
Convert -2 (base 15) to base 2.
-10
Convert -31 (base 5) to base 3.
-121
-2 (base 3) to base 9
-2
21 (base 3) to base 7
10
12 (base 3) to base 12
5
3 (base 11) to base 7
3
3 (base 7) to base 6
3
-101 (base 2) to base 4
-11
0 (base 15) to base 2
0
What is 5 (base 6) in base 13?
5
Convert 11010 (base 2) to base 13.
20
Convert 21 (base 6) to base 2.
1101
11 (base 4) to base 15
5
Convert 0 (base 2) to base 4.
0
-20 (base 4) to base 5
-13
What is 4 (base 8) in base 11?
4
Convert 0 (base 10) to base 13.
0
Convert 14 (base 5) to base 15.
9
Convert 2 (base 6) to base 3.
2
-6 (base 10) to base 16
-6
0 (base 5) to base 13
0
125 (base 9) to base 10
104
Convert 57 (base 14) to base 13.
5c
Convert -4 (base 8) to base 4.
-10
2 (base 4) to base 9
2
What is -6 (base 7) in base 4?
-12
What is 176 (base 10) in base 16?
b0
Convert 3 (base 8) to base 13.
3
What is 67 (base 8) in base 11?
50
Convert 11 (base 5) to base 3.
20
What is 46 (base 11) in base 2?
110010
Convert -12001 (base 3) to base 5.
-1021
What is -11101 (base 2) in base 15?
-1e
What is 4 (base 10) in base 13?
4
Convert 2 (base 3) to base 2.
10
What is -2 (base 7) in base 14?
-2
-27 (base 15) to base 9
-41
What is -67 (base 9) in base 16?
-3d
-76 (base 8) to base 6
-142
What is -4 (base 13) in base 14?
-4
12211 (base 3) to base 11
133
What is 2 (base 13) in base 12?
2
Convert 11110010 (base 2) to base 7.
464
Convert 1 (base 4) to base 12.
1
What is 1110100 (base 2) in base 9?
138
Convert -176 (base 8) to base 13.
-99
-11 (base 3) to base 15
-4
-11 (base 2) to base 16
-3
-58 (base 9) to base 5
-203
What is -16 (base 9) in base 15?
-10
34 (base 14) to base 3
1201
220 (base 3) to base 14
1a
